{"id":122,"date":"2025-03-09T08:05:16","date_gmt":"2025-03-09T07:05:16","guid":{"rendered":"https:\/\/shop.zigacekjan.cz\/?page_id=122"},"modified":"2025-03-09T08:06:14","modified_gmt":"2025-03-09T07:06:14","slug":"zasady-ochrany-osobnich-udaju","status":"publish","type":"page","link":"https:\/\/www.zigacekjan.cz\/index.php\/zasady-ochrany-osobnich-udaju\/","title":{"rendered":"Z\u00e1sady ochrany osobn\u00edch \u00fadaj\u016f"},"content":{"rendered":"<div id=\"cs-content\" class=\"cs-content\"><div class=\"x-section e122-e1 m3e-0\"><div class=\"x-row x-container max width e122-e2 m3e-1 m3e-2\"><div class=\"x-row-inner\"><div class=\"x-col e122-e3 m3e-3\"><div class=\"x-text x-text-headline e122-e4 m3e-4\"><div class=\"x-text-content\"><div class=\"x-text-content-text\"><h1 class=\"x-text-content-text-primary\">Z&aacute;sady ochrany osobn&iacute;ch &uacute;daj\u016f<\/h1>\n<\/div><\/div><\/div><div class=\"x-text x-content e122-e5 m3e-5\"><p>Pokud jste na&scaron;im z&aacute;kazn&iacute;kem, odb\u011bratelem novinek nebo n&aacute;v&scaron;t\u011bvn&iacute;kem webu, sv\u011b\u0159ujete n&aacute;m sv&eacute; osobn&iacute; &uacute;daje. Zodpov&iacute;d&aacute;me za jejich ochranu a zabezpe\u010den&iacute;. Seznamte se, pros&iacute;m, s ochranou osobn&iacute;ch &uacute;daj\u016f, z&aacute;sadami a pr&aacute;vy, kter&eacute; m&aacute;te v souvislosti s GDPR (Na\u0159&iacute;zen&iacute; o ochran\u011b osobn&iacute;ch &uacute;daj\u016f).<\/p>\n<p><strong>Kdo je spr&aacute;vce?<\/strong><br \/>Spr&aacute;vcem je Zigilab s.r.o., I\u010cO: 21414912, se s&iacute;dlem&nbsp;Phov 4, 256 01 Sob\u011bhrdy, v zastoupen&iacute; Janem Zig&aacute;\u010dkem. Va&scaron;e osobn&iacute; &uacute;daje zpracov&aacute;v&aacute;me jako spr&aacute;vce, tj. ur\u010dujeme, jak budou osobn&iacute; &uacute;daje zpracov&aacute;v&aacute;ny a za jak&yacute;m &uacute;\u010delem, po jak dlouhou dobu a vyb&iacute;r&aacute;me p\u0159&iacute;padn&eacute; dal&scaron;&iacute; zpracovatele, kte\u0159&iacute; mi \/n&aacute;m se zpracov&aacute;n&iacute;m budou pom&aacute;hat.<\/p>\n<p><strong>Kontaktn&iacute; &uacute;daje<\/strong><br \/>Pokud se na&nbsp;m\u011b budete cht&iacute;t v&nbsp;pr\u016fb\u011bhu zpracov&aacute;n&iacute; obr&aacute;tit, m\u016f\u017eete m\u011b kontaktovat na&nbsp;tel. \u010d&iacute;sle&nbsp;+420 607 012 369&nbsp;nebo na e-mail: jan.zigacek@zigilab.cz<\/p>\n<p><strong>Prohla&scaron;en&iacute;<\/strong><br \/>Prohla&scaron;ujem, \u017ee jako spr&aacute;vce va&scaron;ich osobn&iacute;ch &uacute;daj\u016f spl\u0148ujeme ve&scaron;ker&eacute; z&aacute;konn&eacute; povinnosti vy\u017eadovan&eacute; platnou legislativou, zejm&eacute;na z&aacute;konem o ochran\u011b osobn&iacute;ch &uacute;daj\u016f a GDPR, a tedy \u017ee:<\/p>\n<ul>\n<li>budeme zpracov&aacute;vat va&scaron;e osobn&iacute; &uacute;daje jen na z&aacute;klad\u011b platn&eacute;ho pr&aacute;vn&iacute;ho d\u016fvodu, a to p\u0159edev&scaron;&iacute;m opr&aacute;vn\u011bn&eacute;ho z&aacute;jmu, pln\u011bn&iacute; smlouvy, z&aacute;konn&eacute; povinnosti \u010di ud\u011blen&eacute;ho souhlasu,<\/li>\n<\/ul>\n<ul>\n<li>pln&iacute;me dle \u010dl&aacute;nku 13 GDPR informa\u010dn&iacute; povinnost je&scaron;t\u011b p\u0159ed zah&aacute;jen&iacute;m zpracov&aacute;n&iacute; osobn&iacute;ch &uacute;daj\u016f,<\/li>\n<\/ul>\n<ul>\n<li>umo\u017en&iacute;me a budeme v&aacute;s podporovat v uplat\u0148ov&aacute;n&iacute; a pln\u011bn&iacute; va&scaron;ich pr&aacute;v podle z&aacute;kona o ochran\u011b osobn&iacute;ch &uacute;daj\u016f a GDPR<\/li>\n<\/ul>\n<p><strong>Rozsah osobn&iacute;ch &uacute;daj\u016f a&nbsp;&uacute;\u010dely zpracov&aacute;n&iacute;<\/strong><br \/>Zpracov&aacute;v&aacute;m osobn&iacute; &uacute;daje, kter&eacute; n&aacute;m sv\u011b\u0159&iacute;te sami (prost\u0159ednictv&iacute;m formul&aacute;\u0159e na webu \u010di vizitkou p\u0159i osobn&iacute;m setk&aacute;n&iacute;), a to z n&aacute;sleduj&iacute;c&iacute;ch d\u016fvod\u016f (pro napln\u011bn&iacute; t\u011bchto &uacute;\u010del\u016f):<\/p>\n<p>\u25cf&nbsp;&nbsp;&nbsp;&nbsp;&nbsp;&nbsp;&nbsp;<strong>poskytov&aacute;n&iacute; slu\u017eeb, pln\u011bn&iacute; smlouvy<\/strong><br \/>Va&scaron;e osobn&iacute; &uacute;daje v&nbsp;rozsahu: e-mail, jm&eacute;no a&nbsp;p\u0159&iacute;jmen&iacute; nezbytn\u011b pot\u0159ebujeme k&nbsp;pln\u011bn&iacute; smlouvy (nap\u0159. zasl&aacute;n&iacute; p\u0159&iacute;stup\u016f do&nbsp;aplikace, zas&iacute;l&aacute;n&iacute; online kurzu, atd, dod&aacute;n&iacute; zbo\u017e&iacute;).<\/p>\n<p>\u25cf&nbsp;&nbsp;&nbsp;&nbsp;&nbsp;&nbsp;&nbsp;<strong>veden&iacute; &uacute;\u010detnictv&iacute;<\/strong><br \/>Jste-li z&aacute;kazn&iacute;ky, va&scaron;e osobn&iacute; &uacute;daje (faktura\u010dn&iacute; &uacute;daje) nezbytn\u011b pot\u0159ebujeme, abychom vyhov\u011bli z&aacute;konn&eacute; povinnosti pro vystavov&aacute;n&iacute; a&nbsp;evidenci da\u0148ov&yacute;ch doklad\u016f.<\/p>\n<p>\u25cf&nbsp;&nbsp;&nbsp;&nbsp;&nbsp;&nbsp;<strong>&nbsp;marketing - zas&iacute;l&aacute;n&iacute; newsletter\u016f<\/strong><br \/>Va&scaron;e osobn&iacute; &uacute;daje (e-mail a&nbsp;jm&eacute;no), pohlav&iacute;, na&nbsp;co klik&aacute;te v&nbsp;e-mailu a&nbsp;kdy je nej\u010dast\u011bji otev&iacute;r&aacute;te, vyu\u017e&iacute;v&aacute;me za&nbsp;&uacute;\u010delem p\u0159&iacute;m&eacute;ho marketingu - zas&iacute;l&aacute;n&iacute; obchodn&iacute;ch sd\u011blen&iacute;. Jste-li na&scaron;&iacute;m z&aacute;kazn&iacute;kem, d\u011bl&aacute;me tak z&nbsp;opr&aacute;vn\u011bn&eacute;ho z&aacute;jmu, nebo\u0165 d\u016fvodn\u011b p\u0159edpokl&aacute;d&aacute;me, \u017ee v&aacute;s na&scaron;e novinky zaj&iacute;maj&iacute;, a&nbsp;to po&nbsp;dobu 5 let od posledn&iacute; objedn&aacute;vky.<\/p>\n<p>Pokud nejste na&scaron;&iacute;m z&aacute;kazn&iacute;kem, zas&iacute;l&aacute;me v&aacute;m newslettery jen na&nbsp;z&aacute;klad\u011b va&scaron;eho souhlasu, po&nbsp;dobu 5 let od ud\u011blen&iacute;. V&nbsp;obou p\u0159&iacute;padech m\u016f\u017eete tento souhlas odvolat pou\u017eit&iacute;m odhla&scaron;ovac&iacute;ho odkazu v&nbsp;ka\u017ed&eacute;m zaslan&eacute;m e-mailu.<\/p>\n<p>\u25cf&nbsp;&nbsp;&nbsp;&nbsp;&nbsp;&nbsp;&nbsp;<strong>pokro\u010dil&yacute; marketing na&nbsp;z&aacute;klad\u011b souhlasu<\/strong><br \/>Pouze na&nbsp;z&aacute;klad\u011b va&scaron;eho souhlasu v&aacute;m m\u016f\u017eeme zas&iacute;lat tak&eacute; inspiruj&iacute;c&iacute; nab&iacute;dky t\u0159et&iacute;ch osob nebo vyu\u017e&iacute;t e-mailovou adresu nap\u0159. pro remarketing a&nbsp;c&iacute;len&iacute; reklamy na&nbsp;Facebooku, a&nbsp;to po&nbsp;dobu 5 let od ud\u011blen&iacute; souhlasu. Ten lze samoz\u0159ejm\u011b kdykoli odvolat prost\u0159ednictv&iacute;m na&scaron;ich kontaktn&iacute;ch &uacute;daj\u016f.<\/p>\n<p>\u25cf&nbsp;&nbsp;&nbsp;&nbsp;&nbsp;&nbsp;&nbsp;<strong>fotografick&aacute; dokumentace<\/strong><\/p>\n<p>Fotografie z&nbsp;\u017eiv&yacute;ch akc&iacute;, workshop\u016f \u010di semin&aacute;\u0159\u016f se va&scaron;&iacute;m souhlasem zpracov&aacute;v&aacute;me pro &uacute;\u010dely marketingov&eacute; (propagace akc&iacute;, web, apod.).<\/p>\n<p>Va&scaron;e osobn&iacute; &uacute;daje si ponech&aacute;v&aacute;me po&nbsp;dobu b\u011bhu proml\u010dec&iacute;ch lh\u016ft, pokud z&aacute;kon nestanov&iacute; del&scaron;&iacute; dobu k&nbsp;jejich uchov&aacute;n&iacute; nebo jsme v&nbsp;konkr&eacute;tn&iacute;ch p\u0159&iacute;padech neuvedli jinak.<\/p>\n<p><strong>Cookies<\/strong><br \/>P\u0159i proch&aacute;zen&iacute; na&scaron;ich webov&yacute;ch str&aacute;nek zaznamen&aacute;v&aacute;me va&scaron;i IP adresu, jak dlouho se na str&aacute;nce zdr\u017e&iacute;te a ze kter&eacute; str&aacute;nky p\u0159ich&aacute;z&iacute;te. Pou\u017e&iacute;v&aacute;n&iacute; cookies pro m\u011b\u0159en&iacute; n&aacute;v&scaron;t\u011bvnosti webu a p\u0159izp\u016fsoben&iacute; zobrazen&iacute; webov&yacute;ch str&aacute;nek vn&iacute;m&aacute;me jako sv\u016fj opr&aacute;vn\u011bn&yacute; z&aacute;jem spr&aacute;vce, nebo\u0165 v\u011b\u0159&iacute;me, \u017ee d&iacute;ky tomu v&aacute;m m\u016f\u017eeme nab&iacute;dnout je&scaron;t\u011b lep&scaron;&iacute; slu\u017eby.<\/p>\n<p>Cookies pro c&iacute;len&iacute; reklamy budou zpracov&aacute;v&aacute;ny jen na&nbsp;z&aacute;klad\u011b va&scaron;eho souhlasu.<\/p>\n<p>Moje webov&eacute; str&aacute;nky lze proch&aacute;zet tak&eacute; v&nbsp;re\u017eimu, kter&yacute; neumo\u017e\u0148uje sb&iacute;r&aacute;n&iacute; osobn&iacute;ch &uacute;daj\u016f. Pou\u017e&iacute;v&aacute;n&iacute; cookies m\u016f\u017eete na&nbsp;sv&eacute;m po\u010d&iacute;ta\u010di zak&aacute;zat.<\/p>\n<p><strong>Zabezpe\u010den&iacute; a&nbsp;ochrana osobn&iacute;ch &uacute;daj\u016f<\/strong><br \/>Chr&aacute;n&iacute;m osobn&iacute; &uacute;daje v&nbsp;maxim&aacute;ln&iacute; mo\u017en&eacute; m&iacute;\u0159e pomoc&iacute; modern&iacute;ch technologi&iacute;, kter&eacute; odpov&iacute;daj&iacute; stupni technick&eacute;ho rozvoje. Chr&aacute;n&iacute;m je, jako kdyby byly moje vlastn&iacute;. P\u0159ijala jsem a&nbsp;udr\u017euji ve&scaron;ker&aacute; mo\u017en&aacute; (aktu&aacute;ln\u011b zn&aacute;m&aacute;) technick&aacute; a&nbsp;organiza\u010dn&iacute; opat\u0159en&iacute;, kter&aacute; zamezuj&iacute; zneu\u017eit&iacute;, po&scaron;kozen&iacute; nebo zni\u010den&iacute; va&scaron;ich osobn&iacute;ch &uacute;daj\u016f.<\/p>\n<p><strong>P\u0159ed&aacute;n&iacute; osobn&iacute;ch &uacute;daj\u016f t\u0159et&iacute;m osob&aacute;m<\/strong><br \/>K va&scaron;im osobn&iacute;m &uacute;daj\u016fm maj&iacute; p\u0159&iacute;stup moji spolupracovn&iacute;ci.<\/p>\n<p>Pro zaji&scaron;t\u011bn&iacute; konkr&eacute;tn&iacute;ch zpracovatelsk&yacute;ch operac&iacute;, kter&eacute; nedok&aacute;\u017eu zajistit vlastn&iacute;mi silami, vyu\u017e&iacute;v&aacute;m slu\u017eeb a&nbsp;aplikac&iacute; zpracovatel\u016f, kte\u0159&iacute; um&iacute; data ochr&aacute;nit je&scaron;t\u011b l&eacute;pe ne\u017e j&aacute; a&nbsp;na dan&eacute; zpracov&aacute;n&iacute; se specializuj&iacute;.<\/p>\n<p>Jsou to poskytovatel&eacute; n&aacute;sleduj&iacute;c&iacute;ch platforem:<\/p>\n<p>Tally<\/p>\n<p>Google<\/p>\n<p>Je mo\u017en&eacute;, \u017ee se v&nbsp;budoucnu rozhodnu vyu\u017e&iacute;t dal&scaron;&iacute; aplikace \u010di zpracovatele, pro usnadn\u011bn&iacute; a&nbsp;zkvalitn\u011bn&iacute; zpracov&aacute;n&iacute;.&nbsp; Slibuji v&aacute;m v&scaron;ak, \u017ee v&nbsp;takov&eacute;m p\u0159&iacute;pad\u011b p\u0159i v&yacute;b\u011bru, budu na&nbsp;zpracovatele kl&aacute;st minim&aacute;ln\u011b stejn&eacute; n&aacute;roky na&nbsp;zabezpe\u010den&iacute; a&nbsp;kvalitu zpracov&aacute;n&iacute; jako na&nbsp;sebe.<\/p>\n<p><strong>P\u0159ed&aacute;v&aacute;n&iacute; dat mimo Evropskou unii<\/strong><br \/>Data zpracov&aacute;v&aacute;me v&yacute;hradn\u011b v&nbsp;Evropsk&eacute; unii nebo v&nbsp;zem&iacute;ch, kter&eacute; zaji&scaron;\u0165uj&iacute; odpov&iacute;daj&iacute;c&iacute; &uacute;rove\u0148 ochrany na&nbsp;z&aacute;klad\u011b rozhodnut&iacute; Evropsk&eacute; komise.<\/p>\n<p><strong>Va&scaron;e pr&aacute;va v&nbsp;souvislosti s&nbsp;ochranou osobn&iacute;ch &uacute;daj\u016f<\/strong><br \/>V souvislosti s ochranou osobn&iacute;ch &uacute;daj\u016f m&aacute;te \u0159adu pr&aacute;v. Pokud budete cht&iacute;t n\u011bkter&eacute;ho z t\u011bchto pr&aacute;v vyu\u017e&iacute;t, pros&iacute;m, kontaktujte m\u011b prost\u0159ednictv&iacute;m e-mailu: jan.zigacek@zigilab.cz .<\/p>\n<ul>\n<li><strong>M&aacute;te pr&aacute;vo na&nbsp;informace<\/strong>, kter&eacute; je pln\u011bno ji\u017e touto informa\u010dn&iacute; str&aacute;nkou se z&aacute;sadami zpracov&aacute;n&iacute; osobn&iacute;ch &uacute;daj\u016f.<\/li>\n<\/ul>\n<ul>\n<li>D&iacute;ky&nbsp;<strong>pr&aacute;vu na&nbsp;p\u0159&iacute;stup<\/strong>&nbsp;m\u011b m\u016f\u017eete kdykoli vyzvat a my v&aacute;m dolo\u017e&iacute;me ve lh\u016ft\u011b 10 dn&iacute;, jak&eacute; va&scaron;e osobn&iacute; &uacute;daje zpracov&aacute;v&aacute;me a pro\u010d.<\/li>\n<\/ul>\n<ul>\n<li>Pokud se u&nbsp;v&aacute;s n\u011bco zm\u011bn&iacute; nebo shled&aacute;te sv&eacute; osobn&iacute; &uacute;daje neaktu&aacute;ln&iacute; nebo ne&uacute;pln&eacute;, m&aacute;te&nbsp;<strong>pr&aacute;vo na&nbsp;dopln\u011bn&iacute; a&nbsp;zm\u011bnu osobn&iacute;ch &uacute;daj\u016f<\/strong>.<\/li>\n<\/ul>\n<ul>\n<li><strong>Pr&aacute;vo na&nbsp;omezen&iacute; zpracov&aacute;n&iacute;<\/strong>&nbsp;m\u016f\u017eete vyu\u017e&iacute;t, pokud se domn&iacute;v&aacute;te, \u017ee zpracov&aacute;v&aacute;me va&scaron;e nep\u0159esn&eacute; &uacute;daje, domn&iacute;v&aacute;te se, \u017ee prov&aacute;d&iacute;me zpracov&aacute;n&iacute; nez&aacute;konn\u011b, ale nechcete v&scaron;echny &uacute;daje smazat nebo pokud jste vznesl n&aacute;mitku proti zpracov&aacute;n&iacute;.<\/li>\n<\/ul>\n<p>Omezit m\u016f\u017eete rozsah osobn&iacute;ch &uacute;daj\u016f nebo &uacute;\u010del\u016f zpracov&aacute;n&iacute;. (Nap\u0159. odhl&aacute;&scaron;en&iacute;m z&nbsp;newsletteru omezujete &uacute;\u010del zpracov&aacute;n&iacute; pro zas&iacute;l&aacute;n&iacute; obchodn&iacute;ch sd\u011blen&iacute;.)<\/p>\n<ul>\n<li><strong>Pr&aacute;vo na&nbsp;p\u0159enositelnost<\/strong><\/li>\n<\/ul>\n<p>Pokud byste cht\u011bli sv&eacute; osobn&iacute; &uacute;daje vz&iacute;t a p\u0159en&eacute;st k n\u011bkomu jin&eacute;mu, budeme postupovat stejn\u011b jako p\u0159i vyu\u017eit&iacute; pr&aacute;va na p\u0159&iacute;stup - jen s t&iacute;m rozd&iacute;lem, \u017ee v&aacute;m informace po&scaron;leme ve strojov\u011b \u010diteln&eacute; podob\u011b. Tady pot\u0159ebujeme\/pot\u0159ebuji alespo\u0148 10 dn&iacute;.<\/p>\n<ul>\n<li><strong>Pr&aacute;vo na&nbsp;v&yacute;maz (b&yacute;t zapomenut)<\/strong><\/li>\n<\/ul>\n<p>Va&scaron;&iacute;m dal&scaron;&iacute;m pr&aacute;vem je pr&aacute;vo na v&yacute;maz (b&yacute;t zapomenut). Nechceme na v&aacute;s zapomenout, ale pokud si to budete p\u0159&aacute;t, m&aacute;te na to pr&aacute;vo. V takov&eacute;m p\u0159&iacute;pad\u011b vyma\u017eeme ve&scaron;ker&eacute; va&scaron;e osobn&iacute; &uacute;daje od n&aacute;s\/ z n\u011b&scaron;eho syst&eacute;mu i ze syst&eacute;mu v&scaron;ech d&iacute;l\u010d&iacute;ch zpracovatel\u016f a z&aacute;loh. Na zaji&scaron;t\u011bn&iacute; pr&aacute;va na v&yacute;maz pot\u0159ebujeme 30 dn&iacute;.<\/p>\n<p>V n\u011bkter&yacute;ch p\u0159&iacute;padech jsme v&aacute;z&aacute;ni z&aacute;konnou povinnost&iacute;, a nap\u0159. mus&iacute;m evidovat vystaven&eacute; da\u0148ov&eacute; doklady po lh\u016ftu stanovenou z&aacute;konem. V tomto p\u0159&iacute;pad\u011b tedy sma\u017eeme v&scaron;echny takov&eacute; osobn&iacute; &uacute;daje, kter&eacute; nejsou v&aacute;z&aacute;ny jin&yacute;m z&aacute;konem. O dokon\u010den&iacute; v&yacute;mazu v&aacute;s budeme informovat na e-mail.<\/p>\n<ul>\n<li><strong>St&iacute;\u017enost u&nbsp;&Uacute;\u0159adu na&nbsp;ochranu osobn&iacute;ch &uacute;daj\u016f<\/strong><\/li>\n<\/ul>\n<p>Pokud m&aacute;te pocit, \u017ee s va&scaron;imi &uacute;daji nezach&aacute;z&iacute;me v souladu se z&aacute;konem, m&aacute;te pr&aacute;vo se se svou st&iacute;\u017enost&iacute; kdykoli obr&aacute;tit na &Uacute;\u0159ad pro ochranu osobn&iacute;ch &uacute;daj\u016f. Budeme moc r&aacute;di pokud nejprve budete o tomto podez\u0159en&iacute; informovat n&aacute;s, abych s t&iacute;m mohli n\u011bco ud\u011blat a p\u0159&iacute;padn&eacute; pochyben&iacute; napravit.<\/p>\n<ul>\n<li><strong>Odhl&aacute;&scaron;en&iacute; ze zas&iacute;l&aacute;n&iacute; newsletter\u016f a&nbsp;obchodn&iacute;ch sd\u011blen&iacute;<\/strong><\/li>\n<\/ul>\n<p>E-maily s inspirac&iacute;, \u010dl&aacute;nky \u010di produkty a slu\u017ebami v&aacute;m zas&iacute;l&aacute;me, jste-li n&aacute;&scaron; z&aacute;kazn&iacute;k na z&aacute;klad\u011b na&scaron;eho opr&aacute;vn\u011bn&eacute;ho z&aacute;jmu.<\/p>\n<p>Pokud z&aacute;kazn&iacute;kem je&scaron;t\u011b nejste, pos&iacute;l&aacute;me v&aacute;m je jen na z&aacute;klad\u011b va&scaron;eho souhlasu. V obou p\u0159&iacute;padech m\u016f\u017eete ukon\u010dit odb\u011br na&scaron;ich e-mail\u016f stisknut&iacute;m odhla&scaron;ovac&iacute;ho odkazu v ka\u017ed&eacute;m zaslan&eacute;m e-mailu.<\/p>\n<p><strong>Ml\u010denlivost<\/strong><br \/>Dovolujeme si V&aacute;s ujistit, \u017ee na&scaron;i spolupracovn&iacute;ci, kte\u0159&iacute; budou zpracov&aacute;vat va&scaron;e osobn&iacute; &uacute;daje, jsou povinni zachov&aacute;vat ml\u010denlivost o osobn&iacute;ch &uacute;daj&iacute;ch a o bezpe\u010dnostn&iacute;ch opat\u0159en&iacute;ch, jejich\u017e zve\u0159ejn\u011bn&iacute; by ohrozilo zabezpe\u010den&iacute; Va&scaron;ich osobn&iacute;ch &uacute;daj\u016f. Tato ml\u010denlivost p\u0159itom trv&aacute; i po skon\u010den&iacute; z&aacute;vazkov&yacute;ch vztah\u016f s n&aacute;mi. Bez va&scaron;eho souhlasu nebudou va&scaron;e osobn&iacute; &uacute;daje vyd&aacute;ny \u017e&aacute;dn&eacute; jin&eacute; t\u0159et&iacute; stran\u011b.<\/p>\n<p>Tyto z&aacute;sady zpracov&aacute;n&iacute; osobn&iacute;ch &uacute;daj\u016f plat&iacute; od 30. 1. 2025.<\/p>\n<p>Jan Zig&aacute;\u010dek<\/p><\/div><\/div><\/div><\/div><\/div><\/div>\n","protected":false},"excerpt":{"rendered":"<p>Z&aacute;sady ochrany osobn&iacute;ch &uacute;daj\u016f Pokud jste na&scaron;im z&aacute;kazn&iacute;kem, odb\u011bratelem novinek nebo n&aacute;v&scaron;t\u011bvn&iacute;kem webu, sv\u011b\u0159ujete n&aacute;m sv&eacute; osobn&iacute; &uacute;daje. Zodpov&iacute;d&aacute;me za jejich ochranu a zabezpe\u010den&iacute;. Seznamte se, pros&iacute;m, s ochranou osobn&iacute;ch &uacute;daj\u016f, z&aacute;sadami a pr&aacute;vy, kter&eacute; m&aacute;te v souvislosti s GDPR (Na\u0159&iacute;zen&iacute; o ochran\u011b osobn&iacute;ch &uacute;daj\u016f). Kdo je spr&aacute;vce?Spr&aacute;vcem je Zigilab s.r.o., I\u010cO: 21414912, se s&iacute;dlem&nbsp;Phov 4, 256 01 Sob\u011bhrdy, v &#8230; <\/p>\n<div><a href=\"https:\/\/www.zigacekjan.cz\/index.php\/zasady-ochrany-osobnich-udaju\/\" class=\"more-link\">Read More<\/a><\/div>\n","protected":false},"author":1,"featured_media":0,"parent":0,"menu_order":0,"comment_status":"closed","ping_status":"closed","template":"template-blank-4.php","meta":{"footnotes":""},"class_list":["post-122","page","type-page","status-publish","hentry","no-post-thumbnail"],"_links":{"self":[{"href":"https:\/\/www.zigacekjan.cz\/index.php\/wp-json\/wp\/v2\/pages\/122","targetHints":{"allow":["GET"]}}],"collection":[{"href":"https:\/\/www.zigacekjan.cz\/index.php\/wp-json\/wp\/v2\/pages"}],"about":[{"href":"https:\/\/www.zigacekjan.cz\/index.php\/wp-json\/wp\/v2\/types\/page"}],"author":[{"embeddable":true,"href":"https:\/\/www.zigacekjan.cz\/index.php\/wp-json\/wp\/v2\/users\/1"}],"replies":[{"embeddable":true,"href":"https:\/\/www.zigacekjan.cz\/index.php\/wp-json\/wp\/v2\/comments?post=122"}],"version-history":[{"count":3,"href":"https:\/\/www.zigacekjan.cz\/index.php\/wp-json\/wp\/v2\/pages\/122\/revisions"}],"predecessor-version":[{"id":125,"href":"https:\/\/www.zigacekjan.cz\/index.php\/wp-json\/wp\/v2\/pages\/122\/revisions\/125"}],"wp:attachment":[{"href":"https:\/\/www.zigacekjan.cz\/index.php\/wp-json\/wp\/v2\/media?parent=122"}],"curies":[{"name":"wp","href":"https:\/\/api.w.org\/{rel}","templated":true}]}}